{"id":244,"date":"2026-01-03T22:52:44","date_gmt":"2026-01-03T22:52:44","guid":{"rendered":"https:\/\/saintmacairepourtous.fr\/?page_id=244"},"modified":"2026-03-07T19:03:26","modified_gmt":"2026-03-07T19:03:26","slug":"le-collectif","status":"publish","type":"page","link":"https:\/\/saintmacairepourtous.fr\/index.php\/le-collectif\/","title":{"rendered":"Le collectif"},"content":{"rendered":"\t\t<div data-elementor-type=\"wp-page\" data-elementor-id=\"244\" class=\"elementor elementor-244\" data-elementor-post-type=\"page\">\n\t\t\t\t<div class=\"elementor-element elementor-element-08a40b5 e-flex e-con-boxed e-con e-parent\" data-id=\"08a40b5\" data-element_type=\"container\" data-e-type=\"container\">\n\t\t\t\t\t<div class=\"e-con-inner\">\n\t\t\t\t<div class=\"elementor-element elementor-element-76a16cc elementor-invisible elementor-widget elementor-widget-heading\" data-id=\"76a16cc\" data-element_type=\"widget\" data-e-type=\"widget\" data-settings=\"{&quot;_animation&quot;:&quot;fadeInUp&quot;}\" data-widget_type=\"heading.default\">\n\t\t\t\t\t<h2 class=\"elementor-heading-title elementor-size-default\">Le collectif<\/h2>\t\t\t\t<\/div>\n\t\t\t\t<div class=\"elementor-element elementor-element-69c6bc9 elementor-widget__width-initial elementor-widget elementor-widget-text-editor\" data-id=\"69c6bc9\" data-element_type=\"widget\" data-e-type=\"widget\" data-widget_type=\"text-editor.default\">\n\t\t\t\t\t\t\t\t\t<p class=\"font_8 wixui-rich-text__text\"><span class=\"wixui-rich-text__text\">Avant d&rsquo;\u00eatre une liste candidate aux \u00e9lections municipales, Saint-Macaire pour tous est d&rsquo;abord un collectif de citoyens issus d\u2019horizons diff\u00e9rents et unis autour de l\u2019id\u00e9e que <br \/>Saint-Macaire est riche de sa diversit\u00e9, <\/span><span class=\"wixui-rich-text__text\">et que celle-ci s\u2019encourage et s\u2019entretient.<\/span><\/p><p class=\"font_8 wixui-rich-text__text\"><span class=\"wixui-rich-text__text\"><br \/><\/span><span class=\"wixui-rich-text__text\"> Tous partagent la vision d\u2019un Saint-Macaire qui accueille et r\u00e9unit, loin de l\u2019entre-soi. <br \/>Un Saint-Macaire qui pr\u00f4ne l\u2019ouverture, qui \u00e9coute et qui d\u00e9bat pour avancer <br \/><\/span><span class=\"wixui-rich-text__text\">et qui se concentre sur ce qui nous rassemble. <br \/>Un Saint-Macaire port\u00e9 par ses habitants,<br \/><\/span><span class=\"wixui-rich-text__text\"> qui n\u2019oublie pas que ce sont eux qui la rendent unique.<\/span><\/p><p class=\"font_8 wixui-rich-text__text\"><span class=\"wixui-rich-text__text\">Le collectif s&rsquo;est r\u00e9uni r\u00e9guli\u00e8rement pour b\u00e2tir un projet commun. <br \/>Ensemble, ses membres ont travaill\u00e9 \u00e0 se souder autour de valeurs communes, \u00e0 partager leurs exp\u00e9riences et leurs comp\u00e9tences, \u00e0 imaginer une vision \u00e0 long terme pour Saint-Macaire, et \u00e0 transformer cette vision en propositions concr\u00e8tes.<br \/>De ce travail collectif est n\u00e9 un programme concret, r\u00e9aliste et accessible \u00e0 tous.<\/span><\/p><p class=\"font_8 wixui-rich-text__text\"><span class=\"wixui-rich-text__text\">Aujourd&rsquo;hui, le collectif continue d&rsquo;accompagner et de soutenir cette liste. <br \/>Il reste un espace de r\u00e9flexion, d&rsquo;\u00e9change et de participation citoyenne, ouvert \u00e0 tous ceux qui partagent cette vision de Saint-Macaire.<\/span><\/p>\t\t\t\t\t\t\t\t<\/div>\n\t\t\t\t<div class=\"elementor-element elementor-element-5337e36 elementor-widget elementor-widget-image\" data-id=\"5337e36\" data-element_type=\"widget\" data-e-type=\"widget\" data-widget_type=\"image.default\">\n\t\t\t\t\t\t\t\t\t\t\t\t\t\t\t<img fetchpriority=\"high\" decoding=\"async\" width=\"2048\" height=\"1641\" src=\"https:\/\/saintmacairepourtous.fr\/wp-content\/uploads\/2025\/11\/Photo-Saint-Macaire-pour-tous-2048x1641.jpg\" class=\"attachment-2048x2048 size-2048x2048 wp-image-32\" alt=\"\" srcset=\"https:\/\/saintmacairepourtous.fr\/wp-content\/uploads\/2025\/11\/Photo-Saint-Macaire-pour-tous-2048x1641.jpg 2048w, https:\/\/saintmacairepourtous.fr\/wp-content\/uploads\/2025\/11\/Photo-Saint-Macaire-pour-tous-300x240.jpg 300w, https:\/\/saintmacairepourtous.fr\/wp-content\/uploads\/2025\/11\/Photo-Saint-Macaire-pour-tous-1024x820.jpg 1024w, https:\/\/saintmacairepourtous.fr\/wp-content\/uploads\/2025\/11\/Photo-Saint-Macaire-pour-tous-768x615.jpg 768w, https:\/\/saintmacairepourtous.fr\/wp-content\/uploads\/2025\/11\/Photo-Saint-Macaire-pour-tous-1536x1231.jpg 1536w\" sizes=\"(max-width: 2048px) 100vw, 2048px\" \/>\t\t\t\t\t\t\t\t\t\t\t\t\t\t\t<\/div>\n\t\t\t\t\t<\/div>\n\t\t\t\t<\/div>\n\t\t<div class=\"elementor-element elementor-element-745b199 e-flex e-con-boxed e-con e-parent\" data-id=\"745b199\" data-element_type=\"container\" data-e-type=\"container\">\n\t\t\t\t\t<div class=\"e-con-inner\">\n\t\t\t\t\t<\/div>\n\t\t\t\t<\/div>\n\t\t<div class=\"elementor-element elementor-element-ea0a029 e-flex e-con-boxed e-con e-parent\" data-id=\"ea0a029\" data-element_type=\"container\" data-e-type=\"container\">\n\t\t\t\t\t<div class=\"e-con-inner\">\n\t\t\t\t\t<\/div>\n\t\t\t\t<\/div>\n\t\t\t\t<\/div>\n\t\t","protected":false},"excerpt":{"rendered":"<p>Le collectif Avant d&rsquo;\u00eatre une liste candidate aux \u00e9lections municipales, Saint-Macaire pour tous est d&rsquo;abord un collectif de citoyens issus [&hellip;]<\/p>\n","protected":false},"author":1,"featured_media":0,"parent":0,"menu_order":0,"comment_status":"closed","ping_status":"closed","template":"","meta":{"_uag_custom_page_level_css":"","site-sidebar-layout":"no-sidebar","site-content-layout":"","ast-site-content-layout":"full-width-container","site-content-style":"default","site-sidebar-style":"default","ast-global-header-display":"","ast-banner-title-visibility":"","ast-main-header-display":"","ast-hfb-above-header-display":"","ast-hfb-below-header-display":"","ast-hfb-mobile-header-display":"","site-post-title":"","ast-breadcrumbs-content":"","ast-featured-img":"disabled","footer-sml-layout":"","ast-disable-related-posts":"","theme-transparent-header-meta":"","adv-header-id-meta":"","stick-header-meta":"","header-above-stick-meta":"","header-main-stick-meta":"","header-below-stick-meta":"","astra-migrate-meta-layouts":"default","ast-page-background-enabled":"default","ast-page-background-meta":{"desktop":{"background-color":"var(--ast-global-color-5)","background-image":"","background-repeat":"repeat","background-position":"center center","background-size":"auto","background-attachment":"scroll","background-type":"","background-media":"","overlay-type":"","overlay-color":"","overlay-opacity":"","overlay-gradient":""},"tablet":{"background-color":"","background-image":"","background-repeat":"repeat","background-position":"center center","background-size":"auto","background-attachment":"scroll","background-type":"","background-media":"","overlay-type":"","overlay-color":"","overlay-opacity":"","overlay-gradient":""},"mobile":{"background-color":"","background-image":"","background-repeat":"repeat","background-position":"center center","background-size":"auto","background-attachment":"scroll","background-type":"","background-media":"","overlay-type":"","overlay-color":"","overlay-opacity":"","overlay-gradient":""}},"ast-content-background-meta":{"desktop":{"background-color":"var(--ast-global-color-4)","background-image":"","background-repeat":"repeat","background-position":"center center","background-size":"auto","background-attachment":"scroll","background-type":"","background-media":"","overlay-type":"","overlay-color":"","overlay-opacity":"","overlay-gradient":""},"tablet":{"background-color":"var(--ast-global-color-4)","background-image":"","background-repeat":"repeat","background-position":"center center","background-size":"auto","background-attachment":"scroll","background-type":"","background-media":"","overlay-type":"","overlay-color":"","overlay-opacity":"","overlay-gradient":""},"mobile":{"background-color":"var(--ast-global-color-4)","background-image":"","background-repeat":"repeat","background-position":"center center","background-size":"auto","background-attachment":"scroll","background-type":"","background-media":"","overlay-type":"","overlay-color":"","overlay-opacity":"","overlay-gradient":""}},"footnotes":""},"class_list":["post-244","page","type-page","status-publish","hentry"],"uagb_featured_image_src":{"full":false,"thumbnail":false,"medium":false,"medium_large":false,"large":false,"1536x1536":false,"2048x2048":false},"uagb_author_info":{"display_name":"admin9734","author_link":"https:\/\/saintmacairepourtous.fr\/index.php\/author\/admin9734\/"},"uagb_comment_info":0,"uagb_excerpt":"Le collectif Avant d&rsquo;\u00eatre une liste candidate aux \u00e9lections municipales, Saint-Macaire pour tous est d&rsquo;abord un collectif de citoyens issus [&hellip;]","_links":{"self":[{"href":"https:\/\/saintmacairepourtous.fr\/index.php\/wp-json\/wp\/v2\/pages\/244","targetHints":{"allow":["GET"]}}],"collection":[{"href":"https:\/\/saintmacairepourtous.fr\/index.php\/wp-json\/wp\/v2\/pages"}],"about":[{"href":"https:\/\/saintmacairepourtous.fr\/index.php\/wp-json\/wp\/v2\/types\/page"}],"author":[{"embeddable":true,"href":"https:\/\/saintmacairepourtous.fr\/index.php\/wp-json\/wp\/v2\/users\/1"}],"replies":[{"embeddable":true,"href":"https:\/\/saintmacairepourtous.fr\/index.php\/wp-json\/wp\/v2\/comments?post=244"}],"version-history":[{"count":16,"href":"https:\/\/saintmacairepourtous.fr\/index.php\/wp-json\/wp\/v2\/pages\/244\/revisions"}],"predecessor-version":[{"id":552,"href":"https:\/\/saintmacairepourtous.fr\/index.php\/wp-json\/wp\/v2\/pages\/244\/revisions\/552"}],"wp:attachment":[{"href":"https:\/\/saintmacairepourtous.fr\/index.php\/wp-json\/wp\/v2\/media?parent=244"}],"curies":[{"name":"wp","href":"https:\/\/api.w.org\/{rel}","templated":true}]}}